{"id":828,"date":"2012-11-02T14:45:56","date_gmt":"2012-11-02T14:45:56","guid":{"rendered":"http:\/\/gudmundson.se\/awordpress\/?page_id=2"},"modified":"2024-11-19T16:30:53","modified_gmt":"2024-11-19T16:30:53","slug":"cv","status":"publish","type":"page","link":"https:\/\/www.gudmundson.art\/index.php\/cv\/","title":{"rendered":"CV"},"content":{"rendered":"\n<p><span style=\"font-family: walbaum;\">ANDERS GUDMUNDSON<\/span><\/p>\n\n\n\n<p>F\u00f6dd: 1966<br>Yrke: Bildkonstn\u00e4r<br>Utbildning: Konsth\u00f6gskolan Ume\u00e5 1988 &#8211; 1993<br>Familj: Ellen och Jonas<\/p>\n\n\n\n<p>Har jobbat som m\u00e5leri och grafikl\u00e4rare p\u00e5:<br><a href=\"http:\/\/www.oland.fhsk.se\/\">Grafikskolan<br>\u00d6lands Folkh\u00f6gskola<\/a><br><a href=\"http:\/\/www.nyckelviksskolan.se\/\">Nyckelviksskolan<\/a><\/p>\n\n\n\n<p>Utst\u00e4llningar i urval:<br>Galleri Eva Solin 2023<br>Galleri Torekov 2022 Torekov<br>Konstkapellet 2022 Marsstrand&nbsp;<br>Galleri Astley 2022 Uttersberg<br>Galleri Eva Solin. I angr\u00e4nsande rum. Stockholm 2021<br>Galleri Bruket H\u00e4lleforsn\u00e4s 2021<br>Galleri Torekov 2020 Torekov<br>Galleri Eva Solin. I angr\u00e4nsande rum. Stockholm 2020<br>Galleri Torekov 2020 Torekov<br>Galleri Eva Solin. I angr\u00e4nsande rum. Stockholm 2019<br>Galleri Lars Hjelm. Karlstad 2019<br>Galleri Torekov 2019 Torekov<br>Konstforum Norrk\u00f6ping 2019<br>Galleri Torekov 2018 Torekov<br>Galleri Str\u00f6mbom 2018 Uppsala<br>Galleri Eva Solin 2017 P\u00e5g\u00e5ende tom 7 Oktober<br>Leksands Kulturhus 2017<br>Galleri Eva Solin. I angr\u00e4nsande rum. Stockholm 2015<br>Galleri Lars Hjelm. Karlstad 2015<br>Galleri Se Konst. Falun 2015<br>Galleri Odvalds. Linde 2015<br>Galleri Nordens Ljus 2014<br>Svensk samtidsgrafik V\u00e4sby Konsthall 2008<br>Bildgalleriet Varberg 2007<br>Mr Simmons m\u00e5nga ansikten Grafikens Hus, Dalarnas Konstmuseum 2007<br>8+1 Krapperups konsthall 2006<br>Moderna Museet \u201dI V\u00e5r Tid\/Samtid (1970 &#8211; )\u201d 2004<br>Grafiska S\u00e4llskapets Galleri. 2003<br>V\u00e4gsk\u00e4l, Leksands Kulturhus, 2000<br>Nordens Ljus, 1999<br>Grafikbiennalen i Ljubljana, Slovenien.&nbsp; 1997<br>Dalarnas museum, 1997<br>GrafikensHus i Mariefred, 1997<br>Konstm\u00e4ssan i Sollentuna, 1997<br>S\u00f6dert\u00e4lje Konsthall, 1996<br>11e Grafiktriennalen i Ume\u00e5 och Lule\u00e5, 1995<br>Fabriken i G\u00f6teborg, 1993<br>Konstn\u00e4rshuset i Stockholm, 1993<br>Konsth\u00f6gskolans elevgalleri i Ume\u00e5, 1991<br>Kulturhuset i Leksand, 1991<\/p>\n\n\n\n<p>Representerad:<br>Moderna Museet<br>Statens Konstr\u00e5d<br>Uppsala Konstmuseum<br>Ume\u00e5 kommun<br>F\u00f6reningen f\u00f6r grafisk konst, Ffgk, Nationalmuseum i Stockholm<br>British Museum<br>Grafiska S\u00e4llskapet<br>Grafikens Hus<br>m fl.<\/p>\n\n\n\n<p>Kan \u00e4ven hittas p\u00e5 <a href=\"http:\/\/sv.wikipedia.org\/wiki\/Anders_Gudmundson\">wikipedia<\/a><\/p>\n\n\n\n<p><\/p>\n\n\n\n<div class=\"wp-block-buttons has-custom-font-size has-small-font-size is-content-justification-left is-layout-flex wp-container-core-buttons-is-layout-458daba3 wp-block-buttons-is-layout-flex\">\n<div class=\"wp-block-button has-custom-width wp-block-button__width-50 is-style-outline is-style-outline--1\"><a class=\"wp-block-button__link has-primary-color has-background-background-color has-text-color has-background wp-element-button\" href=\"https:\/\/www.facebook.com\/anders.gudmundson.art\/\" style=\"border-radius:0px\" target=\"_blank\" rel=\"noreferrer noopener\">Facebook<\/a><\/div>\n\n\n\n<div class=\"wp-block-button has-custom-width wp-block-button__width-50 is-style-outline is-style-outline--2\"><a class=\"wp-block-button__link has-primary-color has-background-background-color has-text-color has-background wp-element-button\" href=\"https:\/\/www.instagram.com\/anders.gudmundson.artworks\/\" style=\"border-radius:0px\" target=\"_blank\" rel=\"noreferrer noopener\">Instagram<\/a><\/div>\n<\/div>\n\n\n\n<p><\/p>\n","protected":false},"excerpt":{"rendered":"<p>ANDERS GUDMUNDSON F\u00f6dd: 1966Yrke: Bildkonstn\u00e4rUtbildning: Konsth\u00f6gskolan Ume\u00e5 1988 &#8211; 1993Familj: Ellen och Jonas Har jobbat som m\u00e5leri och grafikl\u00e4rare p\u00e5:Grafikskolan\u00d6lands Folkh\u00f6gskolaNyckelviksskolan Utst\u00e4llningar i urval:Galleri Eva Solin 2023Galleri Torekov 2022 TorekovKonstkapellet 2022 Marsstrand&nbsp;Galleri Astley 2022 UttersbergGalleri Eva Solin. I angr\u00e4nsande rum. Stockholm 2021Galleri Bruket H\u00e4lleforsn\u00e4s 2021Galleri Torekov 2020 TorekovGalleri Eva Solin. I angr\u00e4nsande rum. Stockholm 2020Galleri [&hellip;]<\/p>\n","protected":false},"author":1,"featured_media":0,"parent":0,"menu_order":0,"comment_status":"closed","ping_status":"closed","template":"","meta":{"footnotes":""},"class_list":["post-828","page","type-page","status-publish","hentry"],"jetpack-related-posts":[{"id":872,"url":"https:\/\/www.gudmundson.art\/index.php\/about\/","url_meta":{"origin":828,"position":0},"title":"About","date":"January 1, 2023","format":false,"excerpt":"Lorem ipsum dolor sit amet, consectetur adipiscing elit. Ut elit tellus, luctus nec ullamcorper mattis, pulvinar dapibus leo. Selected Exhibitions: Gallery Torekov 2022 Torekov Konstkapellet 2022 Marsstrand Gallery Astley 2022 Uttersberg Gallery Eva Solin. In adjoining rooms. Stockholm 2021 Gallery Bruket H\u00e4lleforsn\u00e4s 2021 Gallery Torekov 2020 Torekov Gallery Eva Solin.\u2026","rel":"","context":"Similar post","img":{"alt_text":"","src":"https:\/\/i0.wp.com\/www.gudmundson.art\/wp-content\/uploads\/2023\/01\/DSC05915-02-819x1024.jpeg?resize=350%2C200&ssl=1","width":350,"height":200},"classes":[]}],"_links":{"self":[{"href":"https:\/\/www.gudmundson.art\/index.php\/wp-json\/wp\/v2\/pages\/828","targetHints":{"allow":["GET"]}}],"collection":[{"href":"https:\/\/www.gudmundson.art\/index.php\/wp-json\/wp\/v2\/pages"}],"about":[{"href":"https:\/\/www.gudmundson.art\/index.php\/wp-json\/wp\/v2\/types\/page"}],"author":[{"embeddable":true,"href":"https:\/\/www.gudmundson.art\/index.php\/wp-json\/wp\/v2\/users\/1"}],"replies":[{"embeddable":true,"href":"https:\/\/www.gudmundson.art\/index.php\/wp-json\/wp\/v2\/comments?post=828"}],"version-history":[{"count":7,"href":"https:\/\/www.gudmundson.art\/index.php\/wp-json\/wp\/v2\/pages\/828\/revisions"}],"predecessor-version":[{"id":1267,"href":"https:\/\/www.gudmundson.art\/index.php\/wp-json\/wp\/v2\/pages\/828\/revisions\/1267"}],"wp:attachment":[{"href":"https:\/\/www.gudmundson.art\/index.php\/wp-json\/wp\/v2\/media?parent=828"}],"curies":[{"name":"wp","href":"https:\/\/api.w.org\/{rel}","templated":true}]}}

<p><span style="font-family: walbaum;">ANDERS GUDMUNDSON</span></p>



<p>Född: 1966<br>Yrke: Bildkonstnär<br>Utbildning: Konsthögskolan Umeå 1988 &#8211; 1993<br>Familj: Ellen och Jonas</p>



<p>Har jobbat som måleri och grafiklärare på:<br><a href="http://www.oland.fhsk.se/">Grafikskolan<br>Ölands Folkhögskola</a><br><a href="http://www.nyckelviksskolan.se/">Nyckelviksskolan</a></p>



<p>Utställningar i urval:<br>Galleri Eva Solin 2023<br>Galleri Torekov 2022 Torekov<br>Konstkapellet 2022 Marsstrand&nbsp;<br>Galleri Astley 2022 Uttersberg<br>Galleri Eva Solin. I angränsande rum. Stockholm 2021<br>Galleri Bruket Hälleforsnäs 2021<br>Galleri Torekov 2020 Torekov<br>Galleri Eva Solin. I angränsande rum. Stockholm 2020<br>Galleri Torekov 2020 Torekov<br>Galleri Eva Solin. I angränsande rum. Stockholm 2019<br>Galleri Lars Hjelm. Karlstad 2019<br>Galleri Torekov 2019 Torekov<br>Konstforum Norrköping 2019<br>Galleri Torekov 2018 Torekov<br>Galleri Strömbom 2018 Uppsala<br>Galleri Eva Solin 2017 Pågående tom 7 Oktober<br>Leksands Kulturhus 2017<br>Galleri Eva Solin. I angränsande rum. Stockholm 2015<br>Galleri Lars Hjelm. Karlstad 2015<br>Galleri Se Konst. Falun 2015<br>Galleri Odvalds. Linde 2015<br>Galleri Nordens Ljus 2014<br>Svensk samtidsgrafik Väsby Konsthall 2008<br>Bildgalleriet Varberg 2007<br>Mr Simmons många ansikten Grafikens Hus, Dalarnas Konstmuseum 2007<br>8+1 Krapperups konsthall 2006<br>Moderna Museet ”I Vår Tid/Samtid (1970 &#8211; )” 2004<br>Grafiska Sällskapets Galleri. 2003<br>Vägskäl, Leksands Kulturhus, 2000<br>Nordens Ljus, 1999<br>Grafikbiennalen i Ljubljana, Slovenien.&nbsp; 1997<br>Dalarnas museum, 1997<br>GrafikensHus i Mariefred, 1997<br>Konstmässan i Sollentuna, 1997<br>Södertälje Konsthall, 1996<br>11e Grafiktriennalen i Umeå och Luleå, 1995<br>Fabriken i Göteborg, 1993<br>Konstnärshuset i Stockholm, 1993<br>Konsthögskolans elevgalleri i Umeå, 1991<br>Kulturhuset i Leksand, 1991</p>



<p>Representerad:<br>Moderna Museet<br>Statens Konstråd<br>Uppsala Konstmuseum<br>Umeå kommun<br>Föreningen för grafisk konst, Ffgk, Nationalmuseum i Stockholm<br>British Museum<br>Grafiska Sällskapet<br>Grafikens Hus<br>m fl.</p>



<p>Kan även hittas på <a href="http://sv.wikipedia.org/wiki/Anders_Gudmundson">wikipedia</a></p>



<p></p>



<div class="wp-block-buttons has-custom-font-size has-small-font-size is-content-justification-left is-layout-flex wp-container-core-buttons-is-layout-458daba3 wp-block-buttons-is-layout-flex">
<div class="wp-block-button has-custom-width wp-block-button__width-50 is-style-outline is-style-outline--1"><a class="wp-block-button__link has-primary-color has-background-background-color has-text-color has-background wp-element-button" href="https://www.facebook.com/anders.gudmundson.art/" style="border-radius:0px" target="_blank" rel="noreferrer noopener">Facebook</a></div>



<div class="wp-block-button has-custom-width wp-block-button__width-50 is-style-outline is-style-outline--2"><a class="wp-block-button__link has-primary-color has-background-background-color has-text-color has-background wp-element-button" href="https://www.instagram.com/anders.gudmundson.artworks/" style="border-radius:0px" target="_blank" rel="noreferrer noopener">Instagram</a></div>
</div>



<p></p>

<p>ANDERS GUDMUNDSON Född: 1966Yrke: BildkonstnärUtbildning: Konsthögskolan Umeå 1988 &#8211; 1993Familj: Ellen och Jonas Har jobbat som måleri och grafiklärare på:GrafikskolanÖlands FolkhögskolaNyckelviksskolan Utställningar i urval:Galleri Eva Solin 2023Galleri Torekov 2022 TorekovKonstkapellet 2022 Marsstrand&nbsp;Galleri Astley 2022 UttersbergGalleri Eva Solin. I angränsande rum. Stockholm 2021Galleri Bruket Hälleforsnäs 2021Galleri Torekov 2020 TorekovGalleri Eva Solin. I angränsande rum. Stockholm 2020Galleri [&hellip;]</p>

Lorem ipsum dolor sit amet, consectetur adipiscing elit. Ut elit tellus, luctus nec ullamcorper mattis, pulvinar dapibus leo. Selected Exhibitions: Gallery Torekov 2022 Torekov Konstkapellet 2022 Marsstrand Gallery Astley 2022 Uttersberg Gallery Eva Solin. In adjoining rooms. Stockholm 2021 Gallery Bruket Hälleforsnäs 2021 Gallery Torekov 2020 Torekov Gallery Eva Solin.…
